{"id":2348,"date":"2024-08-05T11:47:41","date_gmt":"2024-08-05T11:47:41","guid":{"rendered":"https:\/\/www.alsane.es\/frusema\/?page_id=2348"},"modified":"2024-09-24T08:06:35","modified_gmt":"2024-09-24T08:06:35","slug":"biomasa","status":"publish","type":"page","link":"https:\/\/www.alsane.es\/frusema\/biomasa\/","title":{"rendered":"Biomasa"},"content":{"rendered":"\n<div class=\"wp-block-uagb-container uagb-block-jgu3k9xr alignfull uagb-is-root-container\"><div class=\"uagb-container-inner-blocks-wrap\">\n<div class=\"wp-block-uagb-info-box uagb-block-c35d8tcz uagb-infobox__content-wrap  uagb-infobox-icon-above-title uagb-infobox-image-valign-top\"><div class=\"uagb-ifb-content\"><div class=\"uagb-ifb-title-wrap\"><h1 class=\"uagb-ifb-title\"><em>Biomasa<\/em><\/h1><\/div><\/div><\/div>\n<\/div><\/div>\n\n\n\n<hr class=\"wp-block-separator has-alpha-channel-opacity\"\/>\n\n\n\n<div class=\"wp-block-columns is-layout-flex wp-container-core-columns-is-layout-28f84493 wp-block-columns-is-layout-flex\">\n<div class=\"wp-block-column is-layout-flow wp-block-column-is-layout-flow\">\n<div class=\"wp-block-uagb-advanced-heading uagb-block-70bd1edb\"><h2 class=\"uagb-heading-text\">           C\u00e1scara entera<\/h2><\/div>\n<\/div>\n\n\n\n<div class=\"wp-block-column is-layout-flow wp-block-column-is-layout-flow\">\n<div class=\"wp-block-uagb-advanced-heading uagb-block-b78de980\"><h2 class=\"uagb-heading-text\">    C\u00e1scara triturada<\/h2><\/div>\n<\/div>\n\n\n\n<div class=\"wp-block-column is-layout-flow wp-block-column-is-layout-flow\">\n<div class=\"wp-block-uagb-advanced-heading uagb-block-b4f056d9\"><h2 class=\"uagb-heading-text\">C\u00e1scara micronizada 5mm<\/h2><\/div>\n<\/div>\n<\/div>\n\n\n\n<div class=\"wp-block-columns is-layout-flex wp-container-core-columns-is-layout-28f84493 wp-block-columns-is-layout-flex\">\n<div class=\"wp-block-column is-layout-flow wp-block-column-is-layout-flow\">\n<figure class=\"wp-block-image aligncenter size-full is-resized is-style-rounded\"><img loading=\"lazy\" decoding=\"async\" width=\"400\" height=\"400\" src=\"https:\/\/www.alsane.es\/frusema\/wp-content\/uploads\/2024\/08\/cascara-entera.png\" alt=\"\" class=\"wp-image-2351\" style=\"aspect-ratio:4\/3;object-fit:cover;width:350px\" srcset=\"https:\/\/www.alsane.es\/frusema\/wp-content\/uploads\/2024\/08\/cascara-entera.png 400w, https:\/\/www.alsane.es\/frusema\/wp-content\/uploads\/2024\/08\/cascara-entera-300x300.png 300w, https:\/\/www.alsane.es\/frusema\/wp-content\/uploads\/2024\/08\/cascara-entera-150x150.png 150w\" sizes=\"auto, (max-width: 400px) 100vw, 400px\" \/><\/figure>\n<\/div>\n\n\n\n<div class=\"wp-block-column is-layout-flow wp-block-column-is-layout-flow\">\n<figure class=\"wp-block-image aligncenter size-full is-resized is-style-rounded\"><img loading=\"lazy\" decoding=\"async\" width=\"950\" height=\"565\" src=\"https:\/\/www.alsane.es\/frusema\/wp-content\/uploads\/2024\/08\/cascara-de-almendra-triturada.jpg\" alt=\"\" class=\"wp-image-2352\" style=\"aspect-ratio:4\/3;object-fit:cover;width:350px\" srcset=\"https:\/\/www.alsane.es\/frusema\/wp-content\/uploads\/2024\/08\/cascara-de-almendra-triturada.jpg 950w, https:\/\/www.alsane.es\/frusema\/wp-content\/uploads\/2024\/08\/cascara-de-almendra-triturada-300x178.jpg 300w, https:\/\/www.alsane.es\/frusema\/wp-content\/uploads\/2024\/08\/cascara-de-almendra-triturada-768x457.jpg 768w\" sizes=\"auto, (max-width: 950px) 100vw, 950px\" \/><\/figure>\n<\/div>\n\n\n\n<div class=\"wp-block-column is-layout-flow wp-block-column-is-layout-flow\">\n<div class=\"wp-block-columns is-layout-flex wp-container-core-columns-is-layout-28f84493 wp-block-columns-is-layout-flex\">\n<div class=\"wp-block-column is-layout-flow wp-block-column-is-layout-flow\" style=\"flex-basis:100%\">\n<figure class=\"wp-block-image aligncenter size-full is-resized has-custom-border is-style-rounded\"><img loading=\"lazy\" decoding=\"async\" width=\"800\" height=\"800\" src=\"https:\/\/www.alsane.es\/frusema\/wp-content\/uploads\/2024\/08\/CASCARA-ALMENDRA-TRITURADA.jpg\" alt=\"\" class=\"wp-image-2356\" style=\"border-style:none;border-width:0px;aspect-ratio:1.3333333333333333;object-fit:cover;width:358px;height:auto\" srcset=\"https:\/\/www.alsane.es\/frusema\/wp-content\/uploads\/2024\/08\/CASCARA-ALMENDRA-TRITURADA.jpg 800w, https:\/\/www.alsane.es\/frusema\/wp-content\/uploads\/2024\/08\/CASCARA-ALMENDRA-TRITURADA-300x300.jpg 300w, https:\/\/www.alsane.es\/frusema\/wp-content\/uploads\/2024\/08\/CASCARA-ALMENDRA-TRITURADA-150x150.jpg 150w, https:\/\/www.alsane.es\/frusema\/wp-content\/uploads\/2024\/08\/CASCARA-ALMENDRA-TRITURADA-768x768.jpg 768w\" sizes=\"auto, (max-width: 800px) 100vw, 800px\" \/><\/figure>\n<\/div>\n<\/div>\n<\/div>\n<\/div>\n\n\n\n<div class=\"wp-block-columns are-vertically-aligned-center is-layout-flex wp-container-core-columns-is-layout-da63cf8f wp-block-columns-is-layout-flex\" style=\"padding-right:var(--wp--preset--spacing--70);padding-left:var(--wp--preset--spacing--70)\">\n<div class=\"wp-block-column is-vertically-aligned-center is-layout-flow wp-block-column-is-layout-flow\">\n<p style=\"font-size:18px\">Excelente biocombustible. Su uso se est\u00e1 extendiendo tambi\u00e9n para la decoraci\u00f3n de zonas verdes, como mulching.<\/p>\n<\/div>\n\n\n\n<div class=\"wp-block-column is-vertically-aligned-center is-layout-flow wp-block-column-is-layout-flow\">\n<p class=\"has-text-align-left\" style=\"font-size:18px\">La c\u00e1scara de almendra triturada, es una alternativa m\u00e1s econ\u00f3mica al pellet para aquellas calderas que lo admitan.<\/p>\n<\/div>\n\n\n\n<div class=\"wp-block-column is-vertically-aligned-center is-layout-flow wp-block-column-is-layout-flow\">\n<p style=\"font-size:18px\">Descubre la versatilidad de la C\u00e1scara Micronizada de Almendra 5mm, un producto natural y sostenible con m\u00faltiples aplicaciones. Ideal para la industria alimentaria, cosm\u00e9tica, agr\u00edcola y de materiales, este ingrediente se destaca por sus beneficios y usos variados<\/p>\n<\/div>\n<\/div>\n\n\n\n<hr class=\"wp-block-separator has-alpha-channel-opacity\"\/>\n\n\n\n<p class=\"has-text-align-center has-medium-font-size\" style=\"padding-top:var(--wp--preset--spacing--50);padding-right:var(--wp--preset--spacing--80);padding-bottom:var(--wp--preset--spacing--50);padding-left:var(--wp--preset--spacing--80)\">La c\u00e1scara de almendra es uno de los biocombustibles en auge, debido a su bajo precio y a su alto poder calor\u00edfico ,est\u00e1 considerada como una de las mejores alternativas a los combustibles convencionales al ser un excelente biocombustible.<\/p>\n\n\n\n<hr class=\"wp-block-separator has-alpha-channel-opacity\"\/>\n\n\n\n<p class=\"has-text-align-center has-medium-font-size\" style=\"padding-top:var(--wp--preset--spacing--50);padding-right:var(--wp--preset--spacing--80);padding-bottom:var(--wp--preset--spacing--50);padding-left:var(--wp--preset--spacing--80)\"> Si est\u00e1s interesado en nuestros productos de biomasa, te invitamos a obtener m\u00e1s informaci\u00f3n o a ponerte en contacto con nosotros a trav\u00e9s de este <a href=\"https:\/\/www.alsane.es\/frusema\/contacto\/\">enlace<\/a>. <\/p>\n\n\n\n<p class=\"has-text-align-center has-medium-font-size\">\u00a1Estamos aqu\u00ed para ayudarte!<\/p>\n\n\n\n<p class=\"has-text-align-center has-medium-font-size\"><\/p>\n\n\n\n<p><\/p>\n","protected":false},"excerpt":{"rendered":"<p>C\u00e1scara entera C\u00e1scara triturada C\u00e1scara micronizada 5mm Excelente biocombustible. Su uso se est\u00e1 extendiendo tambi\u00e9n para la decoraci\u00f3n de zonas verdes, como mulching. La c\u00e1scara de almendra triturada, es una alternativa m\u00e1s econ\u00f3mica al pellet para aquellas calderas que lo admitan. Descubre la versatilidad de la C\u00e1scara Micronizada de Almendra 5mm, un producto natural y [&hellip;]<\/p>\n","protected":false},"author":1,"featured_media":0,"parent":0,"menu_order":0,"comment_status":"closed","ping_status":"closed","template":"","meta":{"_uag_custom_page_level_css":"","site-sidebar-layout":"default","site-content-layout":"","ast-site-content-layout":"full-width-container","site-content-style":"default","site-sidebar-style":"default","ast-global-header-display":"","ast-banner-title-visibility":"","ast-main-header-display":"","ast-hfb-above-header-display":"","ast-hfb-below-header-display":"","ast-hfb-mobile-header-display":"","site-post-title":"disabled","ast-breadcrumbs-content":"","ast-featured-img":"","footer-sml-layout":"","theme-transparent-header-meta":"","adv-header-id-meta":"","stick-header-meta":"","header-above-stick-meta":"","header-main-stick-meta":"","header-below-stick-meta":"","astra-migrate-meta-layouts":"set","ast-page-background-enabled":"default","ast-page-background-meta":{"desktop":{"background-color":"var(--ast-global-color-4)","background-image":"","background-repeat":"repeat","background-position":"center center","background-size":"auto","background-attachment":"scroll","background-type":"","background-media":"","overlay-type":"","overlay-color":"","overlay-opacity":"","overlay-gradient":""},"tablet":{"background-color":"","background-image":"","background-repeat":"repeat","background-position":"center center","background-size":"auto","background-attachment":"scroll","background-type":"","background-media":"","overlay-type":"","overlay-color":"","overlay-opacity":"","overlay-gradient":""},"mobile":{"background-color":"","background-image":"","background-repeat":"repeat","background-position":"center center","background-size":"auto","background-attachment":"scroll","background-type":"","background-media":"","overlay-type":"","overlay-color":"","overlay-opacity":"","overlay-gradient":""}},"ast-content-background-meta":{"desktop":{"background-color":"var(--ast-global-color-5)","background-image":"","background-repeat":"repeat","background-position":"center center","background-size":"auto","background-attachment":"scroll","background-type":"","background-media":"","overlay-type":"","overlay-color":"","overlay-opacity":"","overlay-gradient":""},"tablet":{"background-color":"var(--ast-global-color-5)","background-image":"","background-repeat":"repeat","background-position":"center center","background-size":"auto","background-attachment":"scroll","background-type":"","background-media":"","overlay-type":"","overlay-color":"","overlay-opacity":"","overlay-gradient":""},"mobile":{"background-color":"var(--ast-global-color-5)","background-image":"","background-repeat":"repeat","background-position":"center center","background-size":"auto","background-attachment":"scroll","background-type":"","background-media":"","overlay-type":"","overlay-color":"","overlay-opacity":"","overlay-gradient":""}},"footnotes":""},"class_list":["post-2348","page","type-page","status-publish","hentry"],"uagb_featured_image_src":{"full":false,"thumbnail":false,"medium":false,"medium_large":false,"large":false,"1536x1536":false,"2048x2048":false},"uagb_author_info":{"display_name":"administrador","author_link":"https:\/\/www.alsane.es\/frusema\/author\/administrador\/"},"uagb_comment_info":0,"uagb_excerpt":"C\u00e1scara entera C\u00e1scara triturada C\u00e1scara micronizada 5mm Excelente biocombustible. Su uso se est\u00e1 extendiendo tambi\u00e9n para la decoraci\u00f3n de zonas verdes, como mulching. La c\u00e1scara de almendra triturada, es una alternativa m\u00e1s econ\u00f3mica al pellet para aquellas calderas que lo admitan. Descubre la versatilidad de la C\u00e1scara Micronizada de Almendra 5mm, un producto natural y&hellip;","_links":{"self":[{"href":"https:\/\/www.alsane.es\/frusema\/wp-json\/wp\/v2\/pages\/2348","targetHints":{"allow":["GET"]}}],"collection":[{"href":"https:\/\/www.alsane.es\/frusema\/wp-json\/wp\/v2\/pages"}],"about":[{"href":"https:\/\/www.alsane.es\/frusema\/wp-json\/wp\/v2\/types\/page"}],"author":[{"embeddable":true,"href":"https:\/\/www.alsane.es\/frusema\/wp-json\/wp\/v2\/users\/1"}],"replies":[{"embeddable":true,"href":"https:\/\/www.alsane.es\/frusema\/wp-json\/wp\/v2\/comments?post=2348"}],"version-history":[{"count":12,"href":"https:\/\/www.alsane.es\/frusema\/wp-json\/wp\/v2\/pages\/2348\/revisions"}],"predecessor-version":[{"id":2492,"href":"https:\/\/www.alsane.es\/frusema\/wp-json\/wp\/v2\/pages\/2348\/revisions\/2492"}],"wp:attachment":[{"href":"https:\/\/www.alsane.es\/frusema\/wp-json\/wp\/v2\/media?parent=2348"}],"curies":[{"name":"wp","href":"https:\/\/api.w.org\/{rel}","templated":true}]}}